t h = -8 - -11. Let k = h + 66. Is k a prime number?
False
Let a = -171 - -392. Is a a composite number?
True
Let p be (10/(-6))/((-2)/6). Let t be 243/p + (-8)/(-20). Suppose 2*g = g + t. Is g prime?
False
Let z(n) = n**3 + 3*n**2 + 15*n + 5. Let v(f) = f**2 - f. Let x(c) = -6*v(c) - z(c). Let j be x(-8). Is (j - 0) + -2 - -14 composite?
True
Suppose 0 = 3*g + g + 8. Suppose 4*u - 9 = t + 4*t, 2*t + 5 = 3*u. Is u - 62*-1 - g a composite number?
True
Suppose -t + 3 = 4. Let w = 3 + t. Suppose 5*b + m - 164 = w*b, -161 = -3*b - 4*m. Is b a composite number?
True
Suppose 3*x - 6 - 3 = 0. Suppose 12 = x*d - 5*d - v, -3*d = 4*v + 28. Is (d/5)/(2/(-25)) composite?
True
Suppose 1236 = n - 1927. Is n a prime number?
True
Suppose 2*v + 18 = -0*v. Let p = -4 - v. Suppose p*h - 218 = 17. Is h prime?
True
Suppose -4*p - r = -17 - 0, -5*r = 2*p - 13. Suppose 5*u = 3*m - 4*m + 45, p*m = -2*u. Suppose 2*a + n = u, 3*a - 8*a + 2*n = -34. Is a prime?
False
Suppose 4*z + 241 = 5*d, 0*z - 3*z = 2*d - 101. Is d prime?
False
Let v = 21 + -15. Is 28/v*(-351)/(-18) prime?
False
Let h(n) = 13*n**3 + 2*n**2 - 7*n + 3. Is h(4) a composite number?
False
Let g(n) = n**3 + 12*n**2 - 19*n + 1. Is g(-11) a prime number?
True
Suppose c + c = 378. Let o = c + -120. Is o composite?
True
Suppose -7756 = -17*u + 13*u. Is u a prime number?
False
Let k be (-6)/(-4)*(-10 - 2). Is (-7142)/k - (-16)/72 a composite number?
False
Suppose -2 + 3 = -l. Let f be -3 - (7 + -2)/l. Suppose 0 = -7*b + f*b + 635. Is b composite?
False
Suppose -n + 115 = 3*o - 13, 4*n + 3*o = 530. Is n prime?
False
Let n(c) be the first derivative of 3*c**4/4 - 2*c**3/3 - 3*c**2/2 + 1. Let p be n(5). Is -3*(p/(-6))/5 composite?
False
Let p = 378 + -218. Let i = 291 + p. Is i composite?
True
Is ((-86)/5)/((-28)/70) prime?
True
Let p(d) = d + d**2 - 2*d + 4 + 5*d. Is p(-9) prime?
False
Is ((-2 - 66) + -3)/(-1) composite?
False
Let b = -3 - -5. Suppose -5*d + u = -475, 380 = 2*d + b*d - u. Is d a composite number?
True
Suppose 26 = -4*r + 3*r. Let x be 2/(-4) + r/4. Let l(c) = -c**2 - 13*c - 5. Is l(x) prime?
True
Let k(f) = -4*f**3 + 2*f**2 - f + 2. Is k(-3) prime?
True
Suppose -29*f + 2828 = -25*f. Is f prime?
False
Suppose -m + 6*m = -3*l + 4, -12 = -4*m + 2*l. Suppose -5*d - m*v + 827 + 282 = 0, -663 = -3*d - 2*v. Is d a prime number?
True
Let t be (-26 + -2)*3/(-2). Suppose f = -2*f + t. Let s = f - 7. Is s prime?
True
Suppose 3*a = -5*i + 2032, 0*i - i + 410 = -3*a. Is i a composite number?
True
Let k = -504 - -1064. Suppose -3*n - 77 = -k. Is n a prime number?
False
Suppose -4*k + k + 1065 = 0. Suppose -3*i = y - 0*y - 213, -y = -5*i + k. Is i prime?
True
Let q(f) = -f**3 + 5*f**2 - 3*f - 3. Let b be q(4). Let r(h) = -b - 2*h**2 - 4*h + 9*h**2 + 0*h**2 - h**3. Is r(6) prime?
True
Let m(i) be the first derivative of 0 - 2*i**2 - 4*i**2 + 1 - 5*i. Is m(-6) a prime number?
True
Let k(z) = 242*z**2 - 5. Is k(3) a composite number?
True
Let m(v) = v**3 - 3*v**2 - 4*v - 4. Let i be m(4). Let k = i + 15. Is k a composite number?
False
Let i(a) = -20*a - 5. Let w be i(-5). Let b = -4 + 4. Suppose b = 4*p - w + 3. Is p prime?
True
Let n(h) = -19*h - 6. Let x be n(5). Let t = -56 - x. Suppose -5*i = -t + 15. Is i a composite number?
True
Suppose 7*f = 4*f. Let d be ((3 - 2)*f)/2. Suppose 4*m + 9 - 109 = d. Is m a prime number?
False
Let x = 8 - 6. Suppose -o - 788 = -2*i + 716, -5*o = 2*i + 7580. Is o/(-22) - x/(-11) prime?
False
Suppose -20 - 6 = -v. Is v composite?
True
Let o = -375 - -544. Is o prime?
False
Let o(u) be the first derivative of u**3/3 - 8*u - 1. Is o(11) a composite number?
False
Is (2/(-4))/((-2)/1676) a composite number?
False
Suppose -5*s + 10 = -0. Let w be (23/(-2) + s)*-10. Suppose -b + 4*b = -3*o + 174, 5*o + w = 2*b. Is b a composite number?
True
Let z(x) = 5*x. Let n be z(1). Suppose 0*q - q = j - 7, 23 = -j + n*q. Suppose -v = -j*v + 34. Is v a composite number?
True
Let g = -27 - -238. Is g a composite number?
False
Let n(v) = 9*v + 2. Let r(l) = 3*l + 1. Let c(h) = 4*n(h) - 11*r(h). Let s be c(4). Suppose 3*j = q + 41, -5*q + s = j - 10. Is j a composite number?
True
Suppose -3*m - 10 - 131 = 0. Suppose n = 3*n + 5*f - 117, f = -n + 63. Let s = m + n. Is s composite?
False
Let s(t) = 22*t + 1. Let c(q) = -q**3 - 8*q**2 + 5. Let o be c(-8). Is s(o) composite?
True
Let q(i) = -4*i**2 + 0*i - 3*i + 3*i**2 + 2*i**2 + 2. Let k be q(3). Let h = k + 35. Is h prime?
True
Is (251 + 0)*(-5 - -6) composite?
False
Let p(m) = m**3 - 4*m**2 - 4*m + 1. Let j be p(5). Is ((-8)/j)/(8/(-156)) prime?
False
Suppose -v + 22 = 3. Is v prime?
True
Let b be 1 - (3 + (-2 - 0)). Suppose b = 2*v - 9 - 5. Is v composite?
False
Let g be (-3)/3 - 1*-5. Suppose 2*b - 3*b = 2*c - g, 3*b - 40 = c. Suppose 4*j = b, v - 6*j = -3*j + 46. Is v a composite number?
True
Let a = -1004 - -1721. Is a prime?
False
Let y(r) = -480*r - 1. Is y(-1) a prime number?
True
Let n be 0/(-2*(-1)/(-2)). Suppose x + 4*x - 530 = n. Is x composite?
True
Let l(q) = -7*q**2 - 9*q + 25. Let h(i) = -4*i**2 - 5*i + 13. Let p(r) = 5*h(r) - 3*l(r). Let t be p(-12). Is 1/(t/(-37) + 3) a composite number?
False
Let f be 4/(-14) + 428/28. Let w be 1 - -2*f/6. Let s = w + 13. Is s composite?
False
Let m be (-668)/(-5) + 2/5. Suppose h + m = 3*h. Is h a prime number?
True
Let x = -2910 - -4283. Is x composite?
False
Suppose -6*n = -3*n - 6. Is 2/(n/102*2) prime?
False
Is (18 - 17)*(74/(-2))/(-1) prime?
True
Let x(f) = -f**2 - 2*f - 2. Let m be x(-3). Is 1 + 2 - (m - 194) a prime number?
False
Let j be ((-3)/9)/(2/6). Let c(q) = -58*q**3 - 1. Is c(j) a composite number?
True
Let d(a) = 2*a**3 + a**2 - 17*a - 7. Is d(6) a composite number?
False
Let a(u) = 8*u**3 + 2*u**2 + 2*u + 1. Let n be a(-1). Is (-3175)/(-35) - 2/n composite?
True
Let l be -2*2/(-6)*138. Suppose 0*n = 4*n - l. Is n a prime number?
True
Let o = -200 + 465. Is o a composite number?
True
Let y(m) = m**3 - 6*m**2 + 7*m - 5. Is y(7) a prime number?
False
Is 60 + -4 + (-5 - -2) composite?
False
Let b(j) = j**3 - 4*j - 7. Let o be b(-5). Let c = 189 + o. Is c prime?
False
Suppose -4*y - 5*i + 694 = 0, -4*y + i + i = -680. Let d = y - 109. Is d a composite number?
True
Suppose -3*s + 10 = -s. Let f be (4 - 1)*s/5. Suppose 71 - 1 = 2*i - 2*a, f*a - 159 = -5*i. Is i a prime number?
False
Suppose 5*v + 3*q - 13 = 0, 2*v + 5*q + 0*q = 9. Suppose -v = j - 5. Suppose -316 = -j*d - d. Is d a composite number?
False
Let t = 0 + 36. Suppose 4*b - 2*q = -t, 5*b + 2*q = 3*b - 6. Let u(a) = -a**3 - 7*a**2 - 4*a + 7. Is u(b) prime?
False
Suppose 119 = 2*c - 71. Is c a composite number?
True
Suppose c + 0*c + 79 = 5*w, 5*w - 71 = -c. Let k = w + -9. Let q(s) = 3*s - 7. Is q(k) a prime number?
True
Let s = -291 - -762. Let n = s + -288. Is n a prime number?
False
Let a(w) = 5*w**2 + 6*w + 1. Let p be a(-6). Suppose -p = -q - 0*q. Is q a composite number?
True
Let a(c) = 499*c**3 - c**2 + 1. Is a(1) a prime number?
True
Let q = -82 - -142. Suppose -q = -5*g + g. Is g prime?
False
Is 3/((-12)/8596)*-1 prime?
False
Suppose 2*r + 12 + 2 = 0. Let f(q) = q**2 - 6*q + 3. Is f(r) prime?
False
Let c(n) = -n**2 - n + 8. Let y be c(0). Suppose y*k = 3*k + 2355. Let x = k + -268. Is x prime?
False
Let l be (-70)/(-9) - 2/(-9). Let f = 5 - l. Is 2/f*-15 - 0 composite?
True
Let t(b) = 1 + b + 3*b**2 + 4*b**2 - 3*b**2. Is t(2) composite?
False
Let m be (-3)/(-18) + 268/(-24). Let b = 73 + m. Is b prime?
False
Let u(g) = -g**2 - 2*g + 3. Let x be u(-3). Is 79 - (x + -2 + 2) a composite number?
False
Suppose 7*k = 2*k + 1100. Suppose k = q + 3*q. Is q composite?
True
Let f(a) = a**3 - 8*a**2 + 7*a - 8. Let k be f(7). Let s be k/(-6)*(-6)/(-4). Suppose 0 = y - s*y + 19. Is y a composite number?
False
Is 101/(-2)*(-72)/12 a prime number?
False
Suppose -6*p = 4*q - 2*p - 48, -q + 27 = -2*p. Let n = q + 16. Is n composite?
True
Let t be (12/15)/((-4)/(-10)). Suppose 0 = 3*x + t*x - 2*g - 99, 0 = -4*x - g + 87. Is x prime?
False
Suppose 3*l + 24 = 7*l. Let x(g) be the second derivative of 2*g**3/3 - 3*g**2/2 + g. Is x(l) composite?
True
Let b be 9/3 + 98 + -1. Let o be 699/(-21) - 4/(-14). Let d = b + o. Is d a composite number?
False
Let c = 109 + -5. Suppose -4*p + c + 44 = 0. Is p a composite number?
False
Let i(y) = 32